 of c?
2
Suppose 4*q = -5*t + 3062, -t + 155*q = 158*q - 619. What are the prime factors of t?
2, 5, 61
Let l(p) = 360*p**2 - 34*p + 1. List the prime factors of l(-1).
5, 79
Suppose 4*x + 25 + 251 = 0. What are the prime factors of 2/3*x/(-2)?
23
What are the prime factors of 12/27 + 27770/90?
3, 103
Suppose 11*h + 72 = 7*h. Let g = 3 + -2. Let x = g - h. What are the prime factors of x?
19
Suppose -27*a + 111127 = 17761. What are the prime factors of a?
2, 7, 13, 19
Suppose -1 = y - 3. Let p be 145/y*(-4)/(-5). Suppose 0 = -2*k + k + p. List the prime factors of k.
2, 29
Let p = 106 + -103. What are the prime factors of (-4)/(-18) + (-9156)/(-108) - p?
2, 41
Let f(x) = -x**3 - 8*x**2 - 11*x - 8. Suppose -2 + 37 = -5*l. What are the prime factors of f(l)?
2, 5
Let o(d) = -d**2 - 10*d - 10. Let k be (6/8 + 0)*4. Suppose 4 = k*a + 19. What are the prime factors of o(a)?
3, 5
Let v(u) = -151*u - 196. What are the prime factors of v(-5)?
13, 43
Suppose 43*w - 89*w = -117852. List the prime factors of w.
2, 3, 7, 61
Let v = 66 - 63. Suppose 2*h + h = -b + 233, 249 = 3*h - v*b. List the prime factors of h.
79
Let m = -186 - -130. Let a(s) = -s**3 - 15*s**2 + 2*s + 7. Let n be a(-15). Let l = n - m. What are the prime factors of l?
3, 11
Let l = 16 - 11. Suppose -2*j - 3*j = 3*r - 195, -l*j = 4*r - 265. Suppose -7*b + r = -2*b. What are the prime factors of b?
2, 7
Let q(g) = 56*g - 18*g + 184 - 255. List the prime factors of q(9).
271
Suppose -3*d = 5 + 19. What are the prime factors of (1780/(-40))/(1 + 10/d)?
2, 89
Let s be 0 - ((-20)/(-5) + -7). Suppose -s*w - 297 = -807. What are the prime factors of w?
2, 5, 17
Let t(a) = -20*a**2 + 11*a + 1. Let q(i) = 5*i**2 - 3*i. Let l(h) = 9*q(h) + 2*t(h). Suppose 20 = 5*r + 5. What are the prime factors of l(r)?
2
Suppose 6*o = 8*o - 10. Suppose 3*y + 4*i - 208 = 0, -o*y - i = -2*i - 385. List the prime factors of y.
2, 19
Suppose 7 = 2*y - 1. Suppose k - 19 - y = z, 3*k - 5*z = 59. List the prime factors of k.
2, 7
Suppose -7*m + 6126 = -15035. What are the prime factors of m?
3023
Let v(t) = -t + 9. Let m(w) = w - 15. Let j be m(7). Let c be v(j). Suppose -c = x - 71. List the prime factors of x.
2, 3
Suppose 2*w + 59 = 3. Let o be w/2*1/2. Let d = 1 - o. What are the prime factors of d?
2
Let l(c) = c**3 - 3*c**2 - 6*c + 11. Let a be l(4). Suppose a*w - 105 = -5*o + 40, 0 = 5*o - 10. List the prime factors of w.
3, 5
Let w(z) = -z + 2. Suppose 4*v = -5*j + 2*j + 16, j - 2*v = 2. Let b be w(j). What are the prime factors of (1/b)/(5/(-330))?
3, 11
List the prime factors of (250788/66 - 1) + 20/110.
29, 131
Let f(r) = 5*r + 212. List the prime factors of f(23).
3, 109
Let g be 6*(-4)/(-6) + 15. Let z be -2 + 1 + 68/4. Let w = g - z. What are the prime factors of w?
3
Let x(j) = -1 + 8*j - 8 + j**2 - 24*j - 13. List the prime factors of x(-9).
7, 29
Suppose 5*d - 830 = 570. Let a = -166 + d. Suppose 0 = 3*y + 3*c - 102, -3*y - a = -6*y + c. What are the prime factors of y?
37
Let s be (-2 - 28)*1/(-3). Let j = s - -200. What are the prime factors of j?
2, 3, 5, 7
Suppose 2*l - 10 = 0, -12*r + 2*l + 1295 = -9*r. What are the prime factors of r?
3, 5, 29
Let d(h) = 0 - 62*h + 99*h + 2. What are the prime factors of d(3)?
113
Let k = 62 + -1. List the prime factors of k.
61
Let m = 4855 + -2285. What are the prime factors of m?
2, 5, 257
Let u = 480 - 194. List the prime factors of u.
2, 11, 13
Let d = 2487 - 1170. List the prime factors of d.
3, 439
Let f = 249 + -1409. List the prime factors of f/(-6) + (-12)/(-18).
2, 97
Let n(p) = 301*p + 66. List the prime factors of n(4).
2, 5, 127
Suppose 0 = -3*d + 2*o + 3623 + 5609, 0 = 2*o + 4. What are the prime factors of d?
2, 769
Suppose 4*f - 2*u = 760, -4*u = -7*f + 2*f + 953. What are the prime factors of f?
3, 7
Suppose -3*w - z = 2 - 3, 3*z + 13 = -w. Let n(u) = 2*u - 23. Let r be n(13). Suppose -r - 35 = -w*c. What are the prime factors of c?
19
Let z = 6 + -43. Let a be 2/(-8) - 4/(-16). What are the prime factors of (a - 1)*(8 + z)?
29
What are the prime factors of (-36)/(-8)*(-5 + (-4 - -145))?
2, 3, 17
Let n be (8/6)/(2/(-6)). Let h be (-12)/(-6)*(-22)/n. What are the prime factors of (46/(-4))/(h/(-22))?
23
Let d(t) = t**3 - 2*t**2 - 2*t - 2. Let p be d(6). Let q = p + 2. List the prime factors of q.
2, 3, 11
Let q be 0/((-1)/((36/(-8))/9)). Suppose 9*c + 9*c - 5184 = q. List the prime factors of c.
2, 3
Let i be ((-2)/(-7))/((-3)/(-21)). Let f = i + 21. What are the prime factors of 80/30*(1 + f)?
2
Let a be (-6)/(-14) - (-64)/112. Suppose 0 = 3*q - b - a, b = -5*q + 2*b + 5. Suppose q*m = 25 + 19. List the prime factors of m.
2, 11
Suppose -11*c = -15*c + 1548. List the prime factors of c.
3, 43
Suppose -3*r - 5*t + 1 = 0, -3*r - 2*t = -0*t - 4. Suppose 2*m + 3*z - 30 = 0, m + 26 = r*m - 4*z. List the prime factors of m.
2, 3
Let l = -268 + 145. Let o = l + 7. Let f = -82 - o. List the prime factors of f.
2, 17
Let l(b) = -4*b + 108. Let s be l(0). Let h = s - 65. What are the prime factors of h?
43
Let w = 3370 - 1240. List the prime factors of w.
2, 3, 5, 71
Suppose 2*g + 6 = 5*g. Suppose 0 = -3*y + g*y - 3, 0 = 5*j - y - 383. List the prime factors of j.
2, 19
Let w be (-2)/(-5) - 18/45. Suppose -2*z + 143 - 47 = w. What are the prime factors of z?
2, 3
Let g = -3 - 2. Suppose -2*i + 16 = 2*n, -4*i + n + 24 = -i. Let x = i + g. What are the prime factors of x?
3
Let o be 22/55*(-1345)/(-2). Let z = o + -138. List the prime factors of z.
131
List the prime factors of -53736*(-4)/60 + 3/5.
3583
List the prime factors of (-13570)/(-80) + (-9)/(-24) - 2.
2, 3, 7
Let v(j) be the first derivative of j**5/60 - 7*j**4/24 + 7*j**3/3 - j**2 + 1. Let h(m) be the second derivative of v(m). List the prime factors of h(7).
2, 7
Suppose -3*m - 2*k + 0*k + 10 = 0, -5*m + 21 = -k. Suppose -h = 3*c + m, 3*h - 2 = h - c. Suppose 40 = h*v - 36. What are the prime factors of v?
2, 19
Suppose 4*d = -t + 16 + 2, 2*d - 12 = t. Let s be t + -1 + 5 + 2. Suppose y - 30 = 3*m, -7*y + 2*y - s*m + 55 = 0. What are the prime factors of y?
3, 5
Suppose 6*q + 7 = -17. What are the prime factors of 2 - (-74 - q - 4)?
2, 19
Suppose 10*o = -2*o + 2292. Suppose -94 = -x + t, -3*x = -5*x + 5*t + o. What are the prime factors of x?
3, 31
Suppose 128*l = 113*l + 8565. What are the prime factors of l?
571
Let u(z) = -z**3 - 5*z**2 + 5*z - 6. Let q be u(-6). Let s = 32 + q. What are the prime factors of s?
2
Let l be (-8)/(-6)*(17 + 106). Let o = l + -108. List the prime factors of 3/(-6)*(6 - o).
5
Let h be (10/(-8))/((-7)/28). Suppose 2*u + 2*u = 4*z + 200, 244 = h*u + z. What are the prime factors of u?
7
Let w = 209 - 149. What are the prime factors of (-1)/(-3) - 5/(w/(-752))?
3, 7
Suppose 300 = -5*b - 5*m, 0*b - 123 = 2*b - m. List the prime factors of 1/(((-3)/b)/3).
61
Let r be (-38)/(5/((-5)/2)). Let g = 77 - r. Let m = g - 35. List the prime factors of m.
23
Let b(a) = 13*a**2 + a - 6. Let l(r) = -r**2 - 1. Let n(k) = b(k) - 6*l(k). List the prime factors of n(-2).
2, 37
Let w = 51 - 31. Suppose 5*x + w = x - s, 5*x + 25 = 2*s. What are the prime factors of x/(-1) - (-8 - -4)?
3
Suppose -475 = -0*q - 5*q. Suppose q + 181 = 6*l. List the prime factors of l.
2, 23
Suppose -5*q - o = -22487, 16 = 3*o + 10. What are the prime factors of q?
3, 1499
Let t be (-3)/(-2)*448/12. What are the prime factors of 13088/t + 2/7 + 0?
2, 3, 13
Let x = 781 + -149. What are the prime factors of x?
2, 79
List the prime factors of (5 + 2135/10)/(1/4).
2, 19, 23
Suppose -4*n = -2*d, -3*d + n + 15 = -0*n. Suppose -u + 115 = -d*u. Let q = 45 + u. List the prime factors of q.
2, 11
Suppose 0 = -4*j - 4*b + 1212, 0 = 3*j - j + 5*b - 618. List the prime factors of j.
13, 23
Let g be 5*1/10*0. Suppose 8*h - h - 2261 = g. Suppose -h = -5*z - 4*p, -z + p + 187 = 2*z. What are the prime factors of z?
3, 7
Let z = 5 + 0. Suppose -4*v + 393 = z*h + 64, 0 = -5*h + 3*v + 357. Let c = h - 21. List the prime factors of c.
2, 3
Let l(t) be the third derivative of -t**8/20160 + 19*t**6/720 + t**5/10 - 4*t**2. Let b(a) be the third derivative of l(a). What are the prime factors of b(0)?
19
Let w(n) = 12*n**2 + 6*n - 36. What are the prime factors of w(5)?
2, 3, 7
Let l be (-15)/6*(-12)/10. Suppose 4*h = -3*n +